 = 122*b**2 - 7*b - 15. What are the prime factors of n(-2)?
487
Suppose -174 = -3*g - k - 847, -5*g - 3*k - 1123 = 0. Let v = -21 - -29. List the prime factors of (10/(-8))/(v/g).
5, 7
Suppose o + o = 5*r + 455, 3*o - 679 = 4*r. Suppose -5*z + 225 = 5*a, 2*a = -3*a - 4*z + o. What are the prime factors of a?
3, 5
Suppose 24 = -4*t - 2*f, 4*f = -t - f - 6. Let b(d) = 3*d**2 + 5*d - 4. Let z be b(3). Let h = z + t. What are the prime factors of h?
2
Suppose -4*g = 4*u + 20, 2*g = 4*u - 19 + 3. Let l = -9 - g. List the prime factors of (0 + 6)/(l/(-18)).
2, 3
Let p(h) be the first derivative of -5*h**2/2 - 2*h - 2. Suppose 3*s - 2*s = -o - 5, -3*s + 5*o = 31. List the prime factors of p(s).
3, 11
Let q = 77 + -78. List the prime factors of (4/q + (2 - 0))*-34.
2, 17
Suppose -3*p - 66 + 3825 = 0. What are the prime factors of p?
7, 179
Let l be 3/2*826/3. Let h be 2/5 + l/5. Suppose 5*v + 2*n - h = 4*n, -3*v + n = -49. List the prime factors of v.
3, 5
Let v be 0*4/36*-3. What are the prime factors of 60 - v/(-2 + 0)?
2, 3, 5
Let v(z) = z**3 + 6*z**2 - 8*z - 4. Let t be v(-7). Suppose -4*r - 294 = -6*g + t*g, 3*g - 285 = r. List the prime factors of g.
2, 47
Suppose 4*g - 2*f - 2910 = 0, 2904 = 4*g - f + 5*f. List the prime factors of g.
727
Let f = 107 + -56. Let c = 101 + f. List the prime factors of c.
2, 19
Let q = -17 - -6. Let u(k) = 7*k**2 - 26*k - 2. Let z(y) = 2*y**2 - 9*y - 1. Let r(d) = q*z(d) + 4*u(d). List the prime factors of r(3).
2, 3, 7
Let x = 402 - 262. Suppose x = 4*i - 48. What are the prime factors of i?
47
Let i = -7 + 11. Let o be -17 + i + (-2 - 0). List the prime factors of (o - 11)/(-2 + 1).
2, 13
Let q = -26 + 24. Let b(i) = -5*i**3 - i**2 - 3*i - 3. What are the prime factors of b(q)?
3, 13
Suppose 0 = -7*f - 2*f + 135. Suppose -3*d + 0*d - f = 0, -4*q = 2*d - 82. What are the prime factors of q?
23
Suppose 4*h + 1176 = -0*h. Let z be (-1)/(-2)*(-72)/6. What are the prime factors of z/(-4) + h/(-12)?
2, 13
Let v be -18*(-7)/(28/18). Suppose 5*x - 4*l = 478, 5*l = -x + v + 3. List the prime factors of x.
2, 47
Let p = -32 - -38. Suppose -p*w + 285 = -w. What are the prime factors of w?
3, 19
Suppose 2340 + 792 = 4*d. What are the prime factors of d?
3, 29
Suppose -3*a = 5*u - 0*u - 1734, 0 = -3*u + 4*a + 1052. List the prime factors of u.
2, 3, 29
Let v(f) be the second derivative of -f**5/20 + 5*f**4/12 - 7*f**3/6 + 3*f**2 - 4*f. Let d be v(5). Let p = -9 - d. What are the prime factors of p?
2, 5
Suppose -5*v + 172 = -l, 144 = 2*v + 2*v - 4*l. What are the prime factors of ((-2227)/v)/((-2)/4)?
131
Let h = 149 - 78. Suppose 3*a - 202 - h = 0. List the prime factors of a.
7, 13
Let g(r) = 4*r**2 - 30*r + 16. Let i(n) = -n**3 + 6*n**2 + 5*n - 18. Let p be i(6). What are the prime factors of g(p)?
2, 29
Let q = -8 + 9. Suppose 0*t = -t + q. List the prime factors of 3*t*(-1 - -11).
2, 3, 5
Let w = 222 + -22. Suppose -u + w = 3*u - s, 3*s = 12. What are the prime factors of u?
3, 17
What are the prime factors of (71/2)/((-6)/(-144))?
2, 3, 71
Suppose -3*a + 0*u - 103 = -u, 4*a - 4*u + 124 = 0. Let n = a - -54. What are the prime factors of n?
2, 3
Let l(n) = 45*n - 2. Let s be l(1). Let g(a) = a**3 + 4*a**2 + 5*a**2 + s*a - 42*a + 5. List the prime factors of g(-8).
61
Let v = 456 - 106. Suppose w - 5 = 5*l + 118, 0 = 3*w + 4*l - v. What are the prime factors of w?
2, 59
Let z(v) = v**3 + 19*v**2 + 17*v - 32. List the prime factors of z(-16).
2, 29
Let k be (-564)/(-14) + (-22)/77. Suppose -2*w - 144 = -3*r - 24, -k = -r + 2*w. List the prime factors of r.
2, 5
Suppose -2*w - 6 = -4*r - 0*w, 2*w - 15 = -3*r. Suppose -6 = -r*z + 6. Suppose -z*g + 2*m + 0*m + 78 = 0, -g - 3*m + 9 = 0. What are the prime factors of g?
2, 3
Suppose -7*d + 19003 = 3806. What are the prime factors of d?
13, 167
Let j(a) be the third derivative of -11/6*a**3 + 0 + a**2 + 1/12*a**4 + 0*a. What are the prime factors of j(10)?
3
Let r(n) = 3*n**3 + 1. Let a be r(-1). Let v = a - -6. Suppose 0 = -v*j, -110 = -2*p - 3*p - 2*j. List the prime factors of p.
2, 11
Let f(g) = g - 2. Let n be f(7). Suppose -d - 43 = z - 2*d, 221 = -n*z + 3*d. Let c = -24 - z. What are the prime factors of c?
2, 11
Let i be ((-15)/(-45))/(1/12). Suppose -4*o - 3*b + 0*b + 2 = 0, 0 = -i*o + b + 10. List the prime factors of o.
2
Let o(k) = -k**3 + 3*k**2 - 6*k - 12. What are the prime factors of o(-6)?
2, 3, 29
Suppose 0 = 6*u + 9 - 27. Suppose -7*m = -u*m + 20, -3*m - 510 = -5*j. What are the prime factors of j?
3, 11
Let u = 367 + 602. List the prime factors of u.
3, 17, 19
Let f be (3 - 11/4)*8. Suppose -q - r = 9, 6*q - 3*r + 43 = f*q. What are the prime factors of q/4*(-484)/55?
2, 11
Let o(i) = 5*i + 2 - i + 4*i. Suppose 2*z - 10 = -3*z. List the prime factors of o(z).
2, 3
Suppose d - 3*o + 14 = 0, 3*d + 10 = 3*o - 2*o. List the prime factors of d/(-10) - (1107/(-15) + 5).
3, 23
Let w be (-6)/(-27) + 25/9. What are the prime factors of (-93*(-5)/5)/w?
31
Let x(r) = -128*r + 660. List the prime factors of x(-33).
2, 3, 11, 37
Suppose -5*c + 679 + 401 = 0. List the prime factors of ((-3)/(-6)*-9)/((-9)/c).
2, 3
Let y be (1 + -5)*2/(-8). Let j(z) = 2*z**2 + 1. Let w be j(y). Suppose -q - q = -a - 41, -q + w = 3*a. List the prime factors of q.
2, 3
Let c = 640 - 964. What are the prime factors of (c/45)/(1/(-5))?
2, 3
Suppose 34 - 40 = 3*z. What are the prime factors of (-128)/(-2) + z/1?
2, 31
Let s be 10/(-5)*(-3)/(-6). Let i = 4 - s. List the prime factors of (i/(-20))/((-1)/92).
23
Suppose -3*x = -5*q - 36, -29 - 31 = 5*q + 5*x. List the prime factors of (q/(-6) + -2)*-160.
2, 5
Let p(m) = -m**3 + 2*m**2 + 5*m + 3. Let i be p(4). List the prime factors of 22 + 1 - (9 + i).
23
Suppose -2*m = 3*k - 1391, -4*m - 4*k + 1960 = -820. List the prime factors of m.
2, 347
Let k = 16 + -12. Suppose 0 = 5*n + 3*j + 52, k*n + 32 = 2*n - 4*j. Let u = n + 38. What are the prime factors of u?
2, 3, 5
Suppose -3*z - 2*z + 80 = 0. Suppose 1131 = z*b - 2021. List the prime factors of b.
197
What are the prime factors of (-55)/22*(-3826)/10*2?
1913
Suppose -2*h + 41 = -133. Let o be 6/(1 - h/93). List the prime factors of -3 + 3*o/9.
2, 7
Let a(o) = o**2 - 8*o - 5. Let p be a(9). Suppose 0 = 5*v - p*v - 16. List the prime factors of v.
2
Suppose 3*d = 2*v + 1536, 0 = 4*v - 10 - 2. List the prime factors of d.
2, 257
Suppose 3*u - 29 = -2*v, -5*v + 26 + 22 = 4*u. Let s = u - -8. What are the prime factors of s?
3, 5
Let v(q) = 710*q - 33. What are the prime factors of v(2)?
19, 73
Let o be 1*(-24)/3 + 1. What are the prime factors of (-324)/(-7) + 4 - (-2)/o?
2, 5
Suppose -2*f - 66 = -192. Suppose -f = -4*b - 23. What are the prime factors of b?
2, 5
Suppose -5*m = -10, 3*g + 5*m - 188 = 284. Suppose 47*p - 49*p + g = 0. List the prime factors of p.
7, 11
Suppose 0 = -x - 4*x + 35. Let n(p) = p**2 - 8*p + 9. Let c be n(x). Suppose -c*i - 4*w + 50 - 10 = 0, -5*w + 23 = i. List the prime factors of i.
2, 3
What are the prime factors of ((-1)/(-8) - (-64870)/80)*1?
811
What are the prime factors of -3 + 0/(30/5) + 406?
13, 31
List the prime factors of (-10 + 9)*1*-353.
353
Let t be (-2)/(-8) - 273/(-28). Let j = -8 + t. List the prime factors of 11*3*j/6.
11
Suppose 5*h = k + 3*h - 854, 0 = -2*h - 10. List the prime factors of k.
2, 211
Let f(i) = -68*i + 7. Suppose u = -31 + 28. List the prime factors of f(u).
211
Suppose 9*x = 12*x + 4*a + 34, -4*x = 5*a + 44. Suppose m = 91 - 25. Let c = m + x. List the prime factors of c.
2, 3, 5
Suppose 46*f - 39*f = 4753. What are the prime factors of f?
7, 97
Let n = -46 - -347. What are the prime factors of n?
7, 43
Suppose -8*o - 4*o = -7*o. Suppose o = -l + 22 + 46. List the prime factors of l.
2, 17
Let d(u) = -10*u + 29. List the prime factors of d(-26).
17
Let y(n) = -2299*n**3 + 19*n**2 + 17*n. List the prime factors of y(-1).
3, 13, 59
Let c(m) = m**2 - 9*m - 2. Let p be c(10). Suppose 57 = 11*r - p*r. What are the prime factors of r?
19
Let z(g) be the second derivative of -g**3/2 + 9*g**2/2 - 3*g. Let d be z(-8). Suppose 30 + d = 3*q. What are the prime factors of q?
3, 7
Suppose -33 = x + 74. What are the prime factors of ((-24)/(-24))/((-1)/x)?
107
Let x = -309 + 534. Suppose 11*z + x = 14*z. Suppose -2*h + z = h. What are the prim